{"id":857,"date":"2016-12-03T11:53:31","date_gmt":"2016-12-03T10:53:31","guid":{"rendered":"http:\/\/apecroixluizet.net\/accueil\/?page_id=857"},"modified":"2016-12-05T08:54:08","modified_gmt":"2016-12-05T07:54:08","slug":"le-cross-de-lu-s-e-p","status":"publish","type":"page","link":"http:\/\/apecroixluizet.net\/accueil\/le-cross-de-lu-s-e-p\/","title":{"rendered":"Le Cross de l&rsquo;U.S.E.P."},"content":{"rendered":"<h1 style=\"text-align: center;\"><span style=\"color: #3366ff;\">L&rsquo;\u00e9dition <span style=\"color: #800080;\"><strong>2016<\/strong> <\/span>en images :<\/span><span style=\"color: #800080;\"> le Vendredi 14 Octobre<\/span><\/h1>\n<h2 style=\"text-align: center;\">au Parc de la Feyssine<\/h2>\n<p><img loading=\"lazy\" decoding=\"async\" class=\"alignnone size-medium wp-image-905 aligncenter\" src=\"http:\/\/apecroixluizet.net\/accueil\/wp-content\/uploads\/2016\/12\/CROSS-20161018_114024-300x225.jpg\" alt=\"cross-20161018_114024\" width=\"300\" height=\"225\" srcset=\"http:\/\/apecroixluizet.net\/accueil\/wp-content\/uploads\/2016\/12\/CROSS-20161018_114024-300x225.jpg 300w, http:\/\/apecroixluizet.net\/accueil\/wp-content\/uploads\/2016\/12\/CROSS-20161018_114024-768x576.jpg 768w, http:\/\/apecroixluizet.net\/accueil\/wp-content\/uploads\/2016\/12\/CROSS-20161018_114024-1024x768.jpg 1024w, http:\/\/apecroixluizet.net\/accueil\/wp-content\/uploads\/2016\/12\/CROSS-20161018_114024.jpg 2048w\" sizes=\"auto, (max-width: 300px) 100vw, 300px\" \/><\/p>\n<p><img loading=\"lazy\" decoding=\"async\" class=\"alignnone size-medium wp-image-904 aligncenter\" src=\"http:\/\/apecroixluizet.net\/accueil\/wp-content\/uploads\/2016\/12\/CROSS-20161018_113937-300x225.jpg\" alt=\"cross-20161018_113937\" width=\"300\" height=\"225\" srcset=\"http:\/\/apecroixluizet.net\/accueil\/wp-content\/uploads\/2016\/12\/CROSS-20161018_113937-300x225.jpg 300w, http:\/\/apecroixluizet.net\/accueil\/wp-content\/uploads\/2016\/12\/CROSS-20161018_113937-768x576.jpg 768w, http:\/\/apecroixluizet.net\/accueil\/wp-content\/uploads\/2016\/12\/CROSS-20161018_113937-1024x768.jpg 1024w\" sizes=\"auto, (max-width: 300px) 100vw, 300px\" \/><\/p>\n<p><img loading=\"lazy\" decoding=\"async\" class=\"alignnone size-medium wp-image-903 aligncenter\" src=\"http:\/\/apecroixluizet.net\/accueil\/wp-content\/uploads\/2016\/12\/CROSS-20161018_112349-300x225.jpg\" alt=\"cross-20161018_112349\" width=\"300\" height=\"225\" srcset=\"http:\/\/apecroixluizet.net\/accueil\/wp-content\/uploads\/2016\/12\/CROSS-20161018_112349-300x225.jpg 300w, http:\/\/apecroixluizet.net\/accueil\/wp-content\/uploads\/2016\/12\/CROSS-20161018_112349-768x576.jpg 768w, http:\/\/apecroixluizet.net\/accueil\/wp-content\/uploads\/2016\/12\/CROSS-20161018_112349-1024x768.jpg 1024w, http:\/\/apecroixluizet.net\/accueil\/wp-content\/uploads\/2016\/12\/CROSS-20161018_112349.jpg 2048w\" sizes=\"auto, (max-width: 300px) 100vw, 300px\" \/><\/p>\n<p><img loading=\"lazy\" decoding=\"async\" class=\"aligncenter wp-image-902 size-medium\" src=\"http:\/\/apecroixluizet.net\/accueil\/wp-content\/uploads\/2016\/12\/CROSS-20161018_111236-e1480764258504-225x300.jpg\" alt=\"cross-20161018_111236\" width=\"225\" height=\"300\" srcset=\"http:\/\/apecroixluizet.net\/accueil\/wp-content\/uploads\/2016\/12\/CROSS-20161018_111236-e1480764258504-225x300.jpg 225w, http:\/\/apecroixluizet.net\/accueil\/wp-content\/uploads\/2016\/12\/CROSS-20161018_111236-e1480764258504-768x1024.jpg 768w, http:\/\/apecroixluizet.net\/accueil\/wp-content\/uploads\/2016\/12\/CROSS-20161018_111236-e1480764258504.jpg 1536w\" sizes=\"auto, (max-width: 225px) 100vw, 225px\" \/><\/p>\n<p><img loading=\"lazy\" decoding=\"async\" class=\"alignnone size-medium wp-image-901 aligncenter\" src=\"http:\/\/apecroixluizet.net\/accueil\/wp-content\/uploads\/2016\/12\/CROSS-20161018_104038-300x225.jpg\" alt=\"cross-20161018_104038\" width=\"300\" height=\"225\" srcset=\"http:\/\/apecroixluizet.net\/accueil\/wp-content\/uploads\/2016\/12\/CROSS-20161018_104038-300x225.jpg 300w, http:\/\/apecroixluizet.net\/accueil\/wp-content\/uploads\/2016\/12\/CROSS-20161018_104038-768x576.jpg 768w, http:\/\/apecroixluizet.net\/accueil\/wp-content\/uploads\/2016\/12\/CROSS-20161018_104038-1024x768.jpg 1024w, http:\/\/apecroixluizet.net\/accueil\/wp-content\/uploads\/2016\/12\/CROSS-20161018_104038.jpg 2048w\" sizes=\"auto, (max-width: 300px) 100vw, 300px\" \/><\/p>\n<p><img loading=\"lazy\" decoding=\"async\" class=\"aligncenter wp-image-900 size-medium\" src=\"http:\/\/apecroixluizet.net\/accueil\/wp-content\/uploads\/2016\/12\/CROSS-20161018_103736-e1480764283104-225x300.jpg\" alt=\"cross-20161018_103736\" width=\"225\" height=\"300\" srcset=\"http:\/\/apecroixluizet.net\/accueil\/wp-content\/uploads\/2016\/12\/CROSS-20161018_103736-e1480764283104-225x300.jpg 225w, http:\/\/apecroixluizet.net\/accueil\/wp-content\/uploads\/2016\/12\/CROSS-20161018_103736-e1480764283104-768x1024.jpg 768w, http:\/\/apecroixluizet.net\/accueil\/wp-content\/uploads\/2016\/12\/CROSS-20161018_103736-e1480764283104.jpg 1536w\" sizes=\"auto, (max-width: 225px) 100vw, 225px\" \/><\/p>\n<p><img loading=\"lazy\" decoding=\"async\" class=\"alignnone size-medium wp-image-899 aligncenter\" src=\"http:\/\/apecroixluizet.net\/accueil\/wp-content\/uploads\/2016\/12\/CROSS-20161018_102646-300x225.jpg\" alt=\"cross-20161018_102646\" width=\"300\" height=\"225\" srcset=\"http:\/\/apecroixluizet.net\/accueil\/wp-content\/uploads\/2016\/12\/CROSS-20161018_102646-300x225.jpg 300w, http:\/\/apecroixluizet.net\/accueil\/wp-content\/uploads\/2016\/12\/CROSS-20161018_102646-768x576.jpg 768w, http:\/\/apecroixluizet.net\/accueil\/wp-content\/uploads\/2016\/12\/CROSS-20161018_102646-1024x768.jpg 1024w, http:\/\/apecroixluizet.net\/accueil\/wp-content\/uploads\/2016\/12\/CROSS-20161018_102646.jpg 2048w\" sizes=\"auto, (max-width: 300px) 100vw, 300px\" \/><\/p>\n<h1 style=\"text-align: center;\"><span style=\"color: #3366ff;\"><em>&#8230; \u00e0 l&rsquo;ann\u00e9e prochaine !<\/em><\/span><\/h1>\n<p style=\"text-align: center;\"><span style=\"color: #000000; font-family: Arial Black; font-size: large;\"><b>\u00a9<\/b><\/span> 2016 &#8211; APE Croix-Luizet \/ Reproduction Interdite<\/p>\n","protected":false},"excerpt":{"rendered":"<p>L&rsquo;\u00e9dition 2016 en images : le Vendredi 14 Octobre au Parc de la Feyssine &#8230; \u00e0 l&rsquo;ann\u00e9e prochaine ! \u00a9 2016 &#8211; APE Croix-Luizet \/ Reproduction Interdite<\/p>\n","protected":false},"author":1,"featured_media":0,"parent":0,"menu_order":0,"comment_status":"closed","ping_status":"closed","template":"","meta":{"footnotes":""},"class_list":["post-857","page","type-page","status-publish","hentry"],"post_mailing_queue_ids":[],"_links":{"self":[{"href":"http:\/\/apecroixluizet.net\/accueil\/wp-json\/wp\/v2\/pages\/857","targetHints":{"allow":["GET"]}}],"collection":[{"href":"http:\/\/apecroixluizet.net\/accueil\/wp-json\/wp\/v2\/pages"}],"about":[{"href":"http:\/\/apecroixluizet.net\/accueil\/wp-json\/wp\/v2\/types\/page"}],"author":[{"embeddable":true,"href":"http:\/\/apecroixluizet.net\/accueil\/wp-json\/wp\/v2\/users\/1"}],"replies":[{"embeddable":true,"href":"http:\/\/apecroixluizet.net\/accueil\/wp-json\/wp\/v2\/comments?post=857"}],"version-history":[{"count":7,"href":"http:\/\/apecroixluizet.net\/accueil\/wp-json\/wp\/v2\/pages\/857\/revisions"}],"predecessor-version":[{"id":951,"href":"http:\/\/apecroixluizet.net\/accueil\/wp-json\/wp\/v2\/pages\/857\/revisions\/951"}],"wp:attachment":[{"href":"http:\/\/apecroixluizet.net\/accueil\/wp-json\/wp\/v2\/media?parent=857"}],"curies":[{"name":"wp","href":"https:\/\/api.w.org\/{rel}","templated":true}]}}