{"id":839,"date":"2016-12-03T11:38:09","date_gmt":"2016-12-03T10:38:09","guid":{"rendered":"http:\/\/apecroixluizet.net\/accueil\/?page_id=839"},"modified":"2016-12-03T11:45:58","modified_gmt":"2016-12-03T10:45:58","slug":"les-ecoles","status":"publish","type":"page","link":"http:\/\/apecroixluizet.net\/accueil\/les-ecoles\/","title":{"rendered":"Les \u00c9coles"},"content":{"rendered":"<h3 style=\"text-align: center;\"><a href=\"http:\/\/apecroixluizet.net\/accueil\/ecole-maternelle\/\"><span style=\"color: #3366ff;\">\u00c9cole Maternelle<\/span><\/a><\/h3>\n<h3 style=\"text-align: center;\"><a href=\"http:\/\/apecroixluizet.net\/accueil\/ecole-elementaire\/\"><span style=\"color: #3366ff;\">\u00c9cole \u00c9l\u00e9mentaire<\/span><\/a><\/h3>\n","protected":false},"excerpt":{"rendered":"<p>\u00c9cole Maternelle \u00c9cole \u00c9l\u00e9mentaire<\/p>\n","protected":false},"author":1,"featured_media":0,"parent":0,"menu_order":1,"comment_status":"closed","ping_status":"closed","template":"","meta":{"footnotes":""},"class_list":["post-839","page","type-page","status-publish","hentry"],"post_mailing_queue_ids":[],"_links":{"self":[{"href":"http:\/\/apecroixluizet.net\/accueil\/wp-json\/wp\/v2\/pages\/839","targetHints":{"allow":["GET"]}}],"collection":[{"href":"http:\/\/apecroixluizet.net\/accueil\/wp-json\/wp\/v2\/pages"}],"about":[{"href":"http:\/\/apecroixluizet.net\/accueil\/wp-json\/wp\/v2\/types\/page"}],"author":[{"embeddable":true,"href":"http:\/\/apecroixluizet.net\/accueil\/wp-json\/wp\/v2\/users\/1"}],"replies":[{"embeddable":true,"href":"http:\/\/apecroixluizet.net\/accueil\/wp-json\/wp\/v2\/comments?post=839"}],"version-history":[{"count":3,"href":"http:\/\/apecroixluizet.net\/accueil\/wp-json\/wp\/v2\/pages\/839\/revisions"}],"predecessor-version":[{"id":846,"href":"http:\/\/apecroixluizet.net\/accueil\/wp-json\/wp\/v2\/pages\/839\/revisions\/846"}],"wp:attachment":[{"href":"http:\/\/apecroixluizet.net\/accueil\/wp-json\/wp\/v2\/media?parent=839"}],"curies":[{"name":"wp","href":"https:\/\/api.w.org\/{rel}","templated":true}]}}