{"id":37,"date":"2013-12-23T21:48:43","date_gmt":"2013-12-23T20:48:43","guid":{"rendered":"http:\/\/apecroixluizet.net\/accueil\/?page_id=37"},"modified":"2023-12-03T17:38:44","modified_gmt":"2023-12-03T16:38:44","slug":"ecole-maternelle","status":"publish","type":"page","link":"http:\/\/apecroixluizet.net\/accueil\/ecole-maternelle\/","title":{"rendered":"\u00e9cole Maternelle"},"content":{"rendered":"<p align=\"JUSTIFY\"><span style=\"color: #0000ff;\"><strong>Pour l&rsquo;ann\u00e9e 2023-2024<\/strong><\/span> son effectif est de de<strong><span style=\"color: #0000ff;\"> 252 \u00e9l\u00e8ves<\/span><\/strong>.<\/p>\n<ul>\n<li>2 classe de petits<\/li>\n<li>1 classes de petits-moyens<\/li>\n<li>1 classe de moyens<\/li>\n<li>1 classes de moyens-grands<\/li>\n<li>2 classes de grands<\/li>\n<\/ul>\n<p>En plus des enseignants, des ATSEM (Agents Territoriaux Sp\u00e9cialis\u00e9s des \u00c9coles Maternelles) sont pr\u00e9sents dans toutes les classes de Maternelle. Les ATSEM sont employ\u00e9s par la Mairie de Villeurbanne.<\/p>\n<p align=\"JUSTIFY\"><span style=\"color: #0000ff;\">La directrice <b>Mme<\/b> <strong>Karine BESSON<\/strong><\/span> est joignable au <strong>04 78 13 21 61 ou par mail : <a href=\"mailto:ce.0691202g@ac-lyon.fr\">ce.0691202g@ac-lyon.fr<\/a><\/strong><br \/>\nSes jours de d\u00e9charge sont le vendredi, ainsi que certains jeudi.<\/p>\n<p align=\"JUSTIFY\"><span style=\"color: #0000ff;\"><strong>Les horaires d&rsquo;ouverture<\/strong><\/span> des portes de l&rsquo;\u00e9cole maternelle :<\/p>\n<ul>\n<li>de 8h15 \u00e0 8h25<\/li>\n<li>de 11h45 \u00e0 11h50<\/li>\n<li>de 13h40 \u00e0 13h50<\/li>\n<li>de 16h30 \u00e0 16h35<\/li>\n<\/ul>\n<h2 style=\"text-align: left;\" align=\"JUSTIFY\"><span style=\"color: #3366ff;\">Conseils d&rsquo;\u00e9cole<\/span><\/h2>\n<p align=\"JUSTIFY\"><span style=\"color: #3366ff;\"><strong>Ann\u00e9e 2023-2024<\/strong><\/span><\/p>\n<ul>\n<li>17 octobre 2023<\/li>\n<li>15 f\u00e9vrier 2024<\/li>\n<li>11 juin 2024<\/li>\n<\/ul>\n<p align=\"JUSTIFY\"><span style=\"color: #3366ff;\"><strong>Ann\u00e9e 2022-2023<\/strong><\/span><\/p>\n<ul>\n<li>Lundi 17 octobre 2022 : <a href=\"http:\/\/apecroixluizet.net\/accueil\/wp-content\/uploads\/2022\/10\/Conseil-de\u0301cole-1-22-23.pdf\" target=\"_blank\" rel=\"noopener noreferrer\">compte-rendu<\/a><\/li>\n<\/ul>\n<p align=\"JUSTIFY\"><span style=\"color: #3366ff;\"><strong>Ann\u00e9e 2021-2022<\/strong><\/span><\/p>\n<ul>\n<li>Jeudi 02 juin 2022 : <a href=\"http:\/\/apecroixluizet.net\/accueil\/wp-content\/uploads\/2022\/06\/Conseil-de\u0301cole-3-2021-2022.pdf\" target=\"_blank\" rel=\"noopener noreferrer\">compte-rendu<\/a><\/li>\n<\/ul>\n<p align=\"JUSTIFY\"><span style=\"color: #3366ff;\"><strong>Ann\u00e9e 2019-2020<\/strong><\/span><\/p>\n<ul>\n<li>Jeudi 17 octobre 2019 : <a target=\"_blank\" rel=\"noopener noreferrer\">compte-rendu<\/a><\/li>\n<li>Lundi 10 f\u00e9vrier 2020 : <a target=\"_blank\" rel=\"noopener noreferrer\">compte-rendu<\/a><\/li>\n<li>Mardi 2 juin 2020 : <a target=\"_blank\" rel=\"noopener noreferrer\">compte-rendu<\/a><\/li>\n<\/ul>\n<p align=\"JUSTIFY\"><span style=\"color: #3366ff;\"><strong>Ann\u00e9e 2018-2019<\/strong><\/span><\/p>\n<ul>\n<li>Jeudi 18 octobre 2018 : <a href=\"http:\/\/apecroixluizet.net\/accueil\/wp-content\/uploads\/2018\/11\/1er-conseil-d\u00e9cole-2018-2019.pdf\"><em> compte-rendu<\/em><\/a><\/li>\n<li>Mardi 5 f\u00e9vrier 2019 : <a href=\"http:\/\/apecroixluizet.net\/accueil\/wp-content\/uploads\/2019\/02\/Conseil-d\u00e9cole-2-050219.pdf\"><em> compte-rendu<\/em><\/a><\/li>\n<li>Jeudi 6 juin 2019 : <a href=\"http:\/\/apecroixluizet.net\/accueil\/wp-content\/uploads\/2019\/06\/Compte-rendu-conseil-d\u00e9cole-3-201819.pdf\"><em> compte-rendu<\/em><\/a><\/li>\n<\/ul>\n<p align=\"JUSTIFY\"><span style=\"color: #3366ff;\"><strong>Ann\u00e9e 2017-2018<\/strong><\/span><\/p>\n<ul>\n<li>Lundi 16 Octobre 2017 : <a href=\"http:\/\/apecroixluizet.net\/accueil\/wp-content\/uploads\/2013\/12\/20171016-conseilecole-maternelle-cr.pdf\" target=\"_blank\" rel=\"noopener noreferrer\"><em>compte-rendu<\/em><\/a><\/li>\n<li>05 F\u00e9vrier 2018 &#8211; <a href=\"http:\/\/apecroixluizet.net\/accueil\/wp-content\/uploads\/2018\/02\/20180205-conseil\u00e9cole-cr.pdf\" target=\"_blank\" rel=\"noopener noreferrer\"><em>compte-rendu<\/em><\/a> (rappel <a href=\"http:\/\/apecroixluizet.net\/accueil\/wp-content\/uploads\/2018\/01\/20180205-conseilecole-odj.pdf\" target=\"_blank\" rel=\"noopener noreferrer\">ordre du jour<\/a>)<\/li>\n<li>28 Mai 2018 &#8211; <em><a href=\"http:\/\/apecroixluizet.net\/accueil\/wp-content\/uploads\/2018\/06\/20180528-conseilecole-maternelle-cr.pdf\" target=\"_blank\" rel=\"noopener noreferrer\">compte-rendu<\/a><\/em><\/li>\n<\/ul>\n<p align=\"JUSTIFY\"><span style=\"color: #3366ff;\"><strong>Ann\u00e9e 2016-2017<\/strong><\/span><\/p>\n<ul>\n<li>Jeudi 08 Juin 2017 : <em><a href=\"http:\/\/apecroixluizet.net\/accueil\/wp-content\/uploads\/2013\/12\/20170608-conseilecole-maternelle-cr.pdf\" target=\"_blank\" rel=\"noopener noreferrer\">compte-rendu<\/a><\/em><\/li>\n<li>Jeudi 17 F\u00e9vrier 2017 : <em><a href=\"http:\/\/apecroixluizet.net\/accueil\/wp-content\/uploads\/2013\/12\/20170217-conseilecole-maternelle-cr.pdf\" target=\"_blank\" rel=\"noopener noreferrer\">compte-rendu<\/a><\/em><\/li>\n<li>Jeudi 13 Octobre 2016 : <em><a href=\"http:\/\/apecroixluizet.net\/accueil\/wp-content\/uploads\/2016\/10\/20161013-conseilecole-maternelle.pdf\" target=\"_blank\" rel=\"noopener noreferrer\">compte-rendu<\/a><\/em><\/li>\n<\/ul>\n<p align=\"JUSTIFY\"><span style=\"color: #3366ff;\"><strong>Ann\u00e9e 2015-2016<\/strong><\/span><\/p>\n<ul>\n<li>Jeudi 5\u00a0novembre 201<em>5 17h30 :\u00a0<a href=\"http:\/\/apecroixluizet.net\/accueil\/wp-content\/uploads\/2013\/12\/conseildecole2015161.pdf\" target=\"_blank\" rel=\"noopener noreferrer\">compte-rendu<\/a><\/em><\/li>\n<li><em>Jeudi 4\u00a0f\u00e9vrier 2016 : <a href=\"http:\/\/apecroixluizet.net\/accueil\/wp-content\/uploads\/2016\/10\/20160204-conseilecole-maternelle.pdf\" target=\"_blank\" rel=\"noopener noreferrer\">compte-rendu<\/a><\/em><\/li>\n<li>Jeudi 26 mai 2016 :<em><a href=\"http:\/\/apecroixluizet.net\/accueil\/wp-content\/uploads\/2016\/10\/20160524-conseilecole-maternelle.pdf\" target=\"_blank\" rel=\"noopener noreferrer\">compte-rendu<\/a><\/em><\/li>\n<\/ul>\n","protected":false},"excerpt":{"rendered":"<p>Pour l&rsquo;ann\u00e9e 2023-2024 son effectif est de de 252 \u00e9l\u00e8ves. 2 classe de petits 1 classes de petits-moyens 1 classe de moyens 1 classes de moyens-grands 2 classes de grands En plus des enseignants, des ATSEM (Agents Territoriaux Sp\u00e9cialis\u00e9s des<\/p>\n","protected":false},"author":1,"featured_media":0,"parent":0,"menu_order":0,"comment_status":"closed","ping_status":"closed","template":"","meta":{"footnotes":""},"class_list":["post-37","page","type-page","status-publish","hentry"],"post_mailing_queue_ids":[],"_links":{"self":[{"href":"http:\/\/apecroixluizet.net\/accueil\/wp-json\/wp\/v2\/pages\/37","targetHints":{"allow":["GET"]}}],"collection":[{"href":"http:\/\/apecroixluizet.net\/accueil\/wp-json\/wp\/v2\/pages"}],"about":[{"href":"http:\/\/apecroixluizet.net\/accueil\/wp-json\/wp\/v2\/types\/page"}],"author":[{"embeddable":true,"href":"http:\/\/apecroixluizet.net\/accueil\/wp-json\/wp\/v2\/users\/1"}],"replies":[{"embeddable":true,"href":"http:\/\/apecroixluizet.net\/accueil\/wp-json\/wp\/v2\/comments?post=37"}],"version-history":[{"count":44,"href":"http:\/\/apecroixluizet.net\/accueil\/wp-json\/wp\/v2\/pages\/37\/revisions"}],"predecessor-version":[{"id":2615,"href":"http:\/\/apecroixluizet.net\/accueil\/wp-json\/wp\/v2\/pages\/37\/revisions\/2615"}],"wp:attachment":[{"href":"http:\/\/apecroixluizet.net\/accueil\/wp-json\/wp\/v2\/media?parent=37"}],"curies":[{"name":"wp","href":"https:\/\/api.w.org\/{rel}","templated":true}]}}

école Maternelle

<p align="JUSTIFY"><span style="color: #0000ff;"><strong>Pour l&rsquo;année 2023-2024</strong></span> son effectif est de de<strong><span style="color: #0000ff;"> 252 élèves</span></strong>.</p>
<ul>
<li>2 classe de petits</li>
<li>1 classes de petits-moyens</li>
<li>1 classe de moyens</li>
<li>1 classes de moyens-grands</li>
<li>2 classes de grands</li>
</ul>
<p>En plus des enseignants, des ATSEM (Agents Territoriaux Spécialisés des Écoles Maternelles) sont présents dans toutes les classes de Maternelle. Les ATSEM sont employés par la Mairie de Villeurbanne.</p>
<p align="JUSTIFY"><span style="color: #0000ff;">La directrice <b>Mme</b> <strong>Karine BESSON</strong></span> est joignable au <strong>04 78 13 21 61 ou par mail : <a href="mailto:ce.0691202g@ac-lyon.fr">ce.0691202g@ac-lyon.fr</a></strong><br />
Ses jours de décharge sont le vendredi, ainsi que certains jeudi.</p>
<p align="JUSTIFY"><span style="color: #0000ff;"><strong>Les horaires d&rsquo;ouverture</strong></span> des portes de l&rsquo;école maternelle :</p>
<ul>
<li>de 8h15 à 8h25</li>
<li>de 11h45 à 11h50</li>
<li>de 13h40 à 13h50</li>
<li>de 16h30 à 16h35</li>
</ul>
<h2 style="text-align: left;" align="JUSTIFY"><span style="color: #3366ff;">Conseils d&rsquo;école</span></h2>
<p align="JUSTIFY"><span style="color: #3366ff;"><strong>Année 2023-2024</strong></span></p>
<ul>
<li>17 octobre 2023</li>
<li>15 février 2024</li>
<li>11 juin 2024</li>
</ul>
<p align="JUSTIFY"><span style="color: #3366ff;"><strong>Année 2022-2023</strong></span></p>
<ul>
<li>Lundi 17 octobre 2022 : <a href="http://apecroixluizet.net/accueil/wp-content/uploads/2022/10/Conseil-décole-1-22-23.pdf" target="_blank" rel="noopener noreferrer">compte-rendu</a></li>
</ul>
<p align="JUSTIFY"><span style="color: #3366ff;"><strong>Année 2021-2022</strong></span></p>
<ul>
<li>Jeudi 02 juin 2022 : <a href="http://apecroixluizet.net/accueil/wp-content/uploads/2022/06/Conseil-décole-3-2021-2022.pdf" target="_blank" rel="noopener noreferrer">compte-rendu</a></li>
</ul>
<p align="JUSTIFY"><span style="color: #3366ff;"><strong>Année 2019-2020</strong></span></p>
<ul>
<li>Jeudi 17 octobre 2019 : <a target="_blank" rel="noopener noreferrer">compte-rendu</a></li>
<li>Lundi 10 février 2020 : <a target="_blank" rel="noopener noreferrer">compte-rendu</a></li>
<li>Mardi 2 juin 2020 : <a target="_blank" rel="noopener noreferrer">compte-rendu</a></li>
</ul>
<p align="JUSTIFY"><span style="color: #3366ff;"><strong>Année 2018-2019</strong></span></p>
<ul>
<li>Jeudi 18 octobre 2018 : <a href="http://apecroixluizet.net/accueil/wp-content/uploads/2018/11/1er-conseil-décole-2018-2019.pdf"><em> compte-rendu</em></a></li>
<li>Mardi 5 février 2019 : <a href="http://apecroixluizet.net/accueil/wp-content/uploads/2019/02/Conseil-décole-2-050219.pdf"><em> compte-rendu</em></a></li>
<li>Jeudi 6 juin 2019 : <a href="http://apecroixluizet.net/accueil/wp-content/uploads/2019/06/Compte-rendu-conseil-décole-3-201819.pdf"><em> compte-rendu</em></a></li>
</ul>
<p align="JUSTIFY"><span style="color: #3366ff;"><strong>Année 2017-2018</strong></span></p>
<ul>
<li>Lundi 16 Octobre 2017 : <a href="http://apecroixluizet.net/accueil/wp-content/uploads/2013/12/20171016-conseilecole-maternelle-cr.pdf" target="_blank" rel="noopener noreferrer"><em>compte-rendu</em></a></li>
<li>05 Février 2018 &#8211; <a href="http://apecroixluizet.net/accueil/wp-content/uploads/2018/02/20180205-conseilécole-cr.pdf" target="_blank" rel="noopener noreferrer"><em>compte-rendu</em></a> (rappel <a href="http://apecroixluizet.net/accueil/wp-content/uploads/2018/01/20180205-conseilecole-odj.pdf" target="_blank" rel="noopener noreferrer">ordre du jour</a>)</li>
<li>28 Mai 2018 &#8211; <em><a href="http://apecroixluizet.net/accueil/wp-content/uploads/2018/06/20180528-conseilecole-maternelle-cr.pdf" target="_blank" rel="noopener noreferrer">compte-rendu</a></em></li>
</ul>
<p align="JUSTIFY"><span style="color: #3366ff;"><strong>Année 2016-2017</strong></span></p>
<ul>
<li>Jeudi 08 Juin 2017 : <em><a href="http://apecroixluizet.net/accueil/wp-content/uploads/2013/12/20170608-conseilecole-maternelle-cr.pdf" target="_blank" rel="noopener noreferrer">compte-rendu</a></em></li>
<li>Jeudi 17 Février 2017 : <em><a href="http://apecroixluizet.net/accueil/wp-content/uploads/2013/12/20170217-conseilecole-maternelle-cr.pdf" target="_blank" rel="noopener noreferrer">compte-rendu</a></em></li>
<li>Jeudi 13 Octobre 2016 : <em><a href="http://apecroixluizet.net/accueil/wp-content/uploads/2016/10/20161013-conseilecole-maternelle.pdf" target="_blank" rel="noopener noreferrer">compte-rendu</a></em></li>
</ul>
<p align="JUSTIFY"><span style="color: #3366ff;"><strong>Année 2015-2016</strong></span></p>
<ul>
<li>Jeudi 5 novembre 201<em>5 17h30 : <a href="http://apecroixluizet.net/accueil/wp-content/uploads/2013/12/conseildecole2015161.pdf" target="_blank" rel="noopener noreferrer">compte-rendu</a></em></li>
<li><em>Jeudi 4 février 2016 : <a href="http://apecroixluizet.net/accueil/wp-content/uploads/2016/10/20160204-conseilecole-maternelle.pdf" target="_blank" rel="noopener noreferrer">compte-rendu</a></em></li>
<li>Jeudi 26 mai 2016 :<em><a href="http://apecroixluizet.net/accueil/wp-content/uploads/2016/10/20160524-conseilecole-maternelle.pdf" target="_blank" rel="noopener noreferrer">compte-rendu</a></em></li>
</ul>

<p>Pour l&rsquo;année 2023-2024 son effectif est de de 252 élèves. 2 classe de petits 1 classes de petits-moyens 1 classe de moyens 1 classes de moyens-grands 2 classes de grands En plus des enseignants, des ATSEM (Agents Territoriaux Spécialisés des</p>
