{"id":2573,"date":"2023-06-16T13:19:25","date_gmt":"2023-06-16T11:19:25","guid":{"rendered":"http:\/\/apecroixluizet.net\/accueil\/?page_id=2573"},"modified":"2023-06-16T13:19:26","modified_gmt":"2023-06-16T11:19:26","slug":"representation-aux-conseils-decole","status":"publish","type":"page","link":"http:\/\/apecroixluizet.net\/accueil\/representation-aux-conseils-decole\/","title":{"rendered":"Repr\u00e9sentation aux conseils d&rsquo;\u00e9cole"},"content":{"rendered":"\n<p>Notre r\u00f4le principal en tant que parents d&rsquo;\u00e9l\u00e8ves \u00e9lus est de vous repr\u00e9senter aux conseils d&rsquo;\u00e9cole. Nous pouvons \u00e9galement servir d&rsquo;interm\u00e9diaires dans les \u00e9changes entre parents et \u00e9quipe enseignante, dans les cas o\u00f9 cela serait n\u00e9cessaire.<\/p>\n\n\n\n<p>N&rsquo;h\u00e9sitez pas \u00e0 nous contacter ( <a href=\"http:\/\/apecroixluizet.net\/accueil\/informations-pratiques\/\" data-type=\"URL\" data-id=\"http:\/\/apecroixluizet.net\/accueil\/informations-pratiques\/\">lien<\/a> ) pour poser vos questions, nous soumettre vos interrogations ou vos remarques !<\/p>\n\n\n\n<p>Les parents \u00e9lus<\/p>\n","protected":false},"excerpt":{"rendered":"<p>Notre r\u00f4le principal en tant que parents d&rsquo;\u00e9l\u00e8ves \u00e9lus est de vous repr\u00e9senter aux conseils d&rsquo;\u00e9cole. Nous pouvons \u00e9galement servir d&rsquo;interm\u00e9diaires dans les \u00e9changes entre parents et \u00e9quipe enseignante, dans les cas o\u00f9 cela serait n\u00e9cessaire. N&rsquo;h\u00e9sitez pas \u00e0 nous<\/p>\n","protected":false},"author":1,"featured_media":0,"parent":0,"menu_order":0,"comment_status":"closed","ping_status":"closed","template":"","meta":{"footnotes":""},"class_list":["post-2573","page","type-page","status-publish","hentry"],"post_mailing_queue_ids":[],"_links":{"self":[{"href":"http:\/\/apecroixluizet.net\/accueil\/wp-json\/wp\/v2\/pages\/2573","targetHints":{"allow":["GET"]}}],"collection":[{"href":"http:\/\/apecroixluizet.net\/accueil\/wp-json\/wp\/v2\/pages"}],"about":[{"href":"http:\/\/apecroixluizet.net\/accueil\/wp-json\/wp\/v2\/types\/page"}],"author":[{"embeddable":true,"href":"http:\/\/apecroixluizet.net\/accueil\/wp-json\/wp\/v2\/users\/1"}],"replies":[{"embeddable":true,"href":"http:\/\/apecroixluizet.net\/accueil\/wp-json\/wp\/v2\/comments?post=2573"}],"version-history":[{"count":1,"href":"http:\/\/apecroixluizet.net\/accueil\/wp-json\/wp\/v2\/pages\/2573\/revisions"}],"predecessor-version":[{"id":2574,"href":"http:\/\/apecroixluizet.net\/accueil\/wp-json\/wp\/v2\/pages\/2573\/revisions\/2574"}],"wp:attachment":[{"href":"http:\/\/apecroixluizet.net\/accueil\/wp-json\/wp\/v2\/media?parent=2573"}],"curies":[{"name":"wp","href":"https:\/\/api.w.org\/{rel}","templated":true}]}}