{"id":2569,"date":"2023-06-16T13:09:43","date_gmt":"2023-06-16T11:09:43","guid":{"rendered":"http:\/\/apecroixluizet.net\/accueil\/?page_id=2569"},"modified":"2023-06-16T13:09:45","modified_gmt":"2023-06-16T11:09:45","slug":"evenements-sportifs-et-culturels","status":"publish","type":"page","link":"http:\/\/apecroixluizet.net\/accueil\/evenements-sportifs-et-culturels\/","title":{"rendered":"Ev\u00e8nements sportifs et culturels"},"content":{"rendered":"\n<p>L&rsquo;APE est pr\u00e9sente aux divers \u00e9v\u00e8nements organis\u00e9s par le groupe scolaire. Elle est parfois sollicit\u00e9e par les enseignants pour aider \u00e0 l&rsquo;encadrement des sorties scolaires<\/p>\n","protected":false},"excerpt":{"rendered":"<p>L&rsquo;APE est pr\u00e9sente aux divers \u00e9v\u00e8nements organis\u00e9s par le groupe scolaire. Elle est parfois sollicit\u00e9e par les enseignants pour aider \u00e0 l&rsquo;encadrement des sorties scolaires<\/p>\n","protected":false},"author":1,"featured_media":0,"parent":0,"menu_order":0,"comment_status":"closed","ping_status":"closed","template":"","meta":{"footnotes":""},"class_list":["post-2569","page","type-page","status-publish","hentry"],"post_mailing_queue_ids":[],"_links":{"self":[{"href":"http:\/\/apecroixluizet.net\/accueil\/wp-json\/wp\/v2\/pages\/2569","targetHints":{"allow":["GET"]}}],"collection":[{"href":"http:\/\/apecroixluizet.net\/accueil\/wp-json\/wp\/v2\/pages"}],"about":[{"href":"http:\/\/apecroixluizet.net\/accueil\/wp-json\/wp\/v2\/types\/page"}],"author":[{"embeddable":true,"href":"http:\/\/apecroixluizet.net\/accueil\/wp-json\/wp\/v2\/users\/1"}],"replies":[{"embeddable":true,"href":"http:\/\/apecroixluizet.net\/accueil\/wp-json\/wp\/v2\/comments?post=2569"}],"version-history":[{"count":1,"href":"http:\/\/apecroixluizet.net\/accueil\/wp-json\/wp\/v2\/pages\/2569\/revisions"}],"predecessor-version":[{"id":2570,"href":"http:\/\/apecroixluizet.net\/accueil\/wp-json\/wp\/v2\/pages\/2569\/revisions\/2570"}],"wp:attachment":[{"href":"http:\/\/apecroixluizet.net\/accueil\/wp-json\/wp\/v2\/media?parent=2569"}],"curies":[{"name":"wp","href":"https:\/\/api.w.org\/{rel}","templated":true}]}}