{"id":20,"date":"2013-12-22T20:31:47","date_gmt":"2013-12-22T19:31:47","guid":{"rendered":"http:\/\/apecroixluizet.net\/accueil\/?page_id=20"},"modified":"2023-09-16T10:00:20","modified_gmt":"2023-09-16T08:00:20","slug":"ecole-elementaire","status":"publish","type":"page","link":"http:\/\/apecroixluizet.net\/accueil\/ecole-elementaire\/","title":{"rendered":"\u00e9cole \u00c9l\u00e9mentaire"},"content":{"rendered":"<p><strong><span style=\"color: #0000ff;\">Pour l&rsquo;ann\u00e9e 2023-2024<\/span><\/strong> son effectif est de <span style=\"color: #0000ff;\"><strong>326 \u00e9l\u00e8ves.<\/strong><\/span><br \/>\nElle comprend <strong><span style=\"color: #0000ff;\">13 classes<\/span><\/strong> et <strong><span style=\"color: #0000ff;\">1 dispositif ULIS<\/span><\/strong>\u00a0 :<\/p>\n<ul>\n<li>2 CP<\/li>\n<li>1 CP-CE1<\/li>\n<li>3 CE1<\/li>\n<li>3 CE2<\/li>\n<li>4 CM1\/CM2<\/li>\n<li>1 ULIS TFA (Unit\u00e9s Localis\u00e9es pou l&rsquo;Inclusion Scolaire, Troubles des Fonctions Auditives) qui regroupe 12 \u00e9l\u00e8ves (?)<\/li>\n<\/ul>\n<p>Plus de d\u00e9tails sur le <a href=\"https:\/\/croixluizet.blogs.laclasse.com\/\">site de l&rsquo;\u00e9cole \u00e9l\u00e9mentaire<\/a><\/p>\n<p>Le directeur est <strong><span style=\"color: #0000ff;\">Mr Julien GIORGI<\/span><\/strong>, il est joignable\u00a0 par courriel <span id=\"OBJ_PREFIX_DWT743_com_zimbra_email\" class=\"Object\"><a class=\"moz-txt-link-abbreviated\" href=\"mailto:ce.0693676w@ac-lyon.fr\" target=\"_blank\" rel=\"noopener noreferrer\">ce.0693676w@ac-lyon.fr<\/a><\/span> ou au <span style=\"color: #0000ff;\"><strong>04 78 17 35 50<\/strong><\/span><\/p>\n<h2 align=\"JUSTIFY\"><\/h2>\n<p><a href=\"http:\/\/apecroixluizet.net\/accueil\/wp-content\/uploads\/2023\/09\/plan-ecole.jpg\"><img loading=\"lazy\" decoding=\"async\" class=\"alignright wp-image-2607\" src=\"http:\/\/apecroixluizet.net\/accueil\/wp-content\/uploads\/2023\/09\/plan-ecole-719x1024.jpg\" alt=\"Ecole et \u00e9cole provisioire\" width=\"167\" height=\"237\" srcset=\"http:\/\/apecroixluizet.net\/accueil\/wp-content\/uploads\/2023\/09\/plan-ecole-719x1024.jpg 719w, http:\/\/apecroixluizet.net\/accueil\/wp-content\/uploads\/2023\/09\/plan-ecole-211x300.jpg 211w, http:\/\/apecroixluizet.net\/accueil\/wp-content\/uploads\/2023\/09\/plan-ecole-768x1094.jpg 768w, http:\/\/apecroixluizet.net\/accueil\/wp-content\/uploads\/2023\/09\/plan-ecole.jpg 844w\" sizes=\"auto, (max-width: 167px) 100vw, 167px\" \/><\/a><\/p>\n<p align=\"JUSTIFY\"><img loading=\"lazy\" decoding=\"async\" class=\" wp-image-2602 alignleft\" src=\"http:\/\/apecroixluizet.net\/accueil\/wp-content\/uploads\/2023\/09\/rubalise.jpg\" alt=\"\" width=\"109\" height=\"109\" srcset=\"http:\/\/apecroixluizet.net\/accueil\/wp-content\/uploads\/2023\/09\/rubalise.jpg 800w, http:\/\/apecroixluizet.net\/accueil\/wp-content\/uploads\/2023\/09\/rubalise-300x300.jpg 300w, http:\/\/apecroixluizet.net\/accueil\/wp-content\/uploads\/2023\/09\/rubalise-150x150.jpg 150w, http:\/\/apecroixluizet.net\/accueil\/wp-content\/uploads\/2023\/09\/rubalise-768x768.jpg 768w, http:\/\/apecroixluizet.net\/accueil\/wp-content\/uploads\/2023\/09\/rubalise-230x230.jpg 230w, http:\/\/apecroixluizet.net\/accueil\/wp-content\/uploads\/2023\/09\/rubalise-365x365.jpg 365w\" sizes=\"auto, (max-width: 109px) 100vw, 109px\" \/>Pendant la premi\u00e8re phase des travaux (2023-2025), l&rsquo;\u00e9cole \u00e9l\u00e9mentaire sera d\u00e9plac\u00e9e dans l&rsquo;\u00e9cole provisoire situ\u00e9e :<\/p>\n<p style=\"text-align: center;\" align=\"JUSTIFY\">61 rue Chateau-Gaillard<\/p>\n<h2 align=\"JUSTIFY\"><\/h2>\n<hr \/>\n<h2 style=\"text-align: left;\" align=\"JUSTIFY\"><span style=\"color: #3366ff;\">Conseils d&rsquo;\u00e9cole<\/span><\/h2>\n<h3>Les comptes rendu des conseils d&rsquo;\u00e9cole :<\/h3>\n<p><em><span style=\"color: #3366ff;\"><strong>Ann\u00e9e 2023-2024<\/strong><\/span><\/em><\/p>\n<address>\n<ul>\n<li>11 juin 2024<\/li>\n<li>15 f\u00e9vrier 2024<\/li>\n<li>17 octobre 2023<\/li>\n<\/ul>\n<address><span style=\"color: #3366ff;\"><strong>Ann\u00e9e 2022-2023<\/strong><\/span><\/address>\n<ul>\n<li>Mardi 20 juin 2023 : <a href=\"https:\/\/croixluizet.blogs.laclasse.com\/wp-content\/uploads\/sites\/3960\/2023\/07\/Proces-verbal-Conseil-decole-20-juin-2023.pdf\">compte-rendu<\/a><\/li>\n<li>Mardi 21 mars 2023 : <a href=\"https:\/\/croixluizet.blogs.laclasse.com\/wp-content\/uploads\/sites\/3960\/2023\/03\/Proces-verbal-Conseil-decole-21-mars-2023.pdf\">compte-rendu<\/a><\/li>\n<li>Mardi 18 octobre 2022 : <a href=\"http:\/\/apecroixluizet.net\/accueil\/wp-content\/uploads\/2022\/10\/Proce\u0300s-verbal-Conseil-de\u0301cole-2022-2023.pdf\" target=\"_blank\" rel=\"noopener noreferrer\">compte-rendu<\/a><\/li>\n<\/ul>\n<p><span style=\"color: #3366ff;\"><strong>Ann\u00e9e 2020-2021<\/strong><\/span><\/p>\n<\/address>\n<ul>\n<li>Mardi 13 octobre 2020 : <a href=\"http:\/\/apecroixluizet.net\/accueil\/wp-content\/uploads\/2020\/11\/PV-conseil-\u00e9cole-n\u00b01-oct-2020.pdf\" target=\"_blank\" rel=\"noopener noreferrer\">compte-rendu<\/a><\/li>\n<li>Jeudi 25 f\u00e9vrier 2021: <a target=\"_blank\" rel=\"noopener noreferrer\">compte-rendu<\/a><\/li>\n<li>Lundi 14 juin 2021 : <a target=\"_blank\" rel=\"noopener noreferrer\">compte-rendu<\/a><\/li>\n<\/ul>\n<p><span style=\"color: #3366ff;\"><strong>Ann\u00e9e 2019-2020<\/strong><\/span><\/p>\n<ul>\n<li>Mardi 15 octobre 2019 : <a href=\"http:\/\/apecroixluizet.net\/accueil\/wp-content\/uploads\/2019\/11\/PV-CE-XLUIZET-OCT-2019.pdf\" target=\"_blank\" rel=\"noopener noreferrer\">compte-rendu<\/a><\/li>\n<li><del>Lundi 10 f\u00e9vrier 2020: <a target=\"_blank\" rel=\"noopener noreferrer\">compte-rendu<\/a><\/del><\/li>\n<li><del>Jeudi 11 juin 2020 : <a target=\"_blank\" rel=\"noopener noreferrer\">compte-rendu<\/a><\/del><\/li>\n<\/ul>\n<p align=\"JUSTIFY\"><span style=\"color: #3366ff;\"><strong>Ann\u00e9e 2018-2019<\/strong><\/span><\/p>\n<ul>\n<li>Lundi 15 octobre 2018 : <a href=\"http:\/\/apecroixluizet.net\/accueil\/wp-content\/uploads\/2018\/10\/cr-ce-n\u00b01-xluizet-elem.pdf\" target=\"_blank\" rel=\"noopener noreferrer\">compte-rendu<\/a><\/li>\n<li>Jeudi 7 f\u00e9vrier 2019 : <a href=\"http:\/\/apecroixluizet.net\/accueil\/wp-content\/uploads\/2019\/02\/pv-ce-n\u00b02-07-02-2019.pdf\" target=\"_blank\" rel=\"noopener noreferrer\">compte-rendu<\/a><\/li>\n<li>Mardi 11 juin 2019 : <a href=\"http:\/\/apecroixluizet.net\/accueil\/wp-content\/uploads\/2019\/06\/cr-ce-n\u00b03-xluizet-juin-2019.pdf\" target=\"_blank\" rel=\"noopener noreferrer\">compte-rendu<\/a><\/li>\n<\/ul>\n<p align=\"JUSTIFY\"><span style=\"color: #3366ff;\"><strong>Ann\u00e9e 2017-2018<\/strong><\/span><\/p>\n<ul>\n<li>Mardi 17 Octobre 2017 &#8211; <a href=\"http:\/\/apecroixluizet.net\/accueil\/wp-content\/uploads\/2013\/12\/20171017-conseilecole-elementaire-cr.pdf\" target=\"_blank\" rel=\"noopener noreferrer\">compte-rendu<\/a><\/li>\n<li>05 F\u00e9vrier 2018 &#8211; <a href=\"http:\/\/apecroixluizet.net\/accueil\/wp-content\/uploads\/2018\/02\/20180205-conseil\u00e9cole-cr.pdf\" target=\"_blank\" rel=\"noopener noreferrer\"><em>compte-rendu<\/em><\/a> (rappel <a href=\"http:\/\/apecroixluizet.net\/accueil\/wp-content\/uploads\/2018\/01\/20180205-conseilecole-odj.pdf\" target=\"_blank\" rel=\"noopener noreferrer\">ordre du jour<\/a>)<\/li>\n<li>Vendredi 08 Juin 2018 &#8211; <a href=\"http:\/\/apecroixluizet.net\/accueil\/wp-content\/uploads\/2018\/06\/20180608-conseilecole-elementaire-cr.pdf\" target=\"_blank\" rel=\"noopener noreferrer\">compte-rendu<\/a><\/li>\n<\/ul>\n<p align=\"JUSTIFY\"><span style=\"color: #3366ff;\"><strong>Ann\u00e9e 2016-2017<\/strong><\/span><\/p>\n<ul>\n<li>Jeudi 15 Juin 2017 &#8211; <em><a href=\"http:\/\/apecroixluizet.net\/accueil\/wp-content\/uploads\/2013\/12\/20170615-conseilecole-elementaire-cr.pdf\" target=\"_blank\" rel=\"noopener noreferrer\">compte-rendu<\/a><\/em><\/li>\n<li>Lundi 06 F\u00e9vrier 2017 &#8211; <em><a href=\"http:\/\/apecroixluizet.net\/accueil\/wp-content\/uploads\/2013\/12\/20170206-conseilecole-elementaire-cr.pdf\" target=\"_blank\" rel=\"noopener noreferrer\">compte-rendu<\/a><\/em><\/li>\n<li>Lundi 17 Octobre 2016 &#8211; <em><a href=\"http:\/\/apecroixluizet.net\/accueil\/wp-content\/uploads\/2013\/12\/20161017-conseilecole-elementaire-cr.pdf\" target=\"_blank\" rel=\"noopener noreferrer\">compte-rendu<\/a><\/em><\/li>\n<\/ul>\n<p align=\"JUSTIFY\"><span style=\"color: #3366ff;\"><strong>Ann\u00e9e 2015-2016<\/strong><\/span><\/p>\n<ul>\n<li>Vendredi 6 Novembre 2015 &#8211; <em><a href=\"http:\/\/apecroixluizet.net\/accueil\/wp-content\/uploads\/2013\/12\/20151106-conseilecole-elementaire-cr.pdf\" target=\"_blank\" rel=\"noopener noreferrer\">compte-rendu<\/a><\/em><\/li>\n<\/ul>\n<p align=\"JUSTIFY\"><span style=\"color: #3366ff;\"><strong>Ann\u00e9e 2014-2015<\/strong><\/span><\/p>\n<ul>\n<li>Vendredi 14 Novembre 2014 &#8211; <em><a href=\"http:\/\/apecroixluizet.net\/accueil\/wp-content\/uploads\/2013\/12\/conseildecole_2014nov.pdf\" target=\"_blank\" rel=\"noopener noreferrer\">compte-rendu<\/a><\/em><\/li>\n<\/ul>\n","protected":false},"excerpt":{"rendered":"<p>Pour l&rsquo;ann\u00e9e 2023-2024 son effectif est de 326 \u00e9l\u00e8ves. Elle comprend 13 classes et 1 dispositif ULIS\u00a0 : 2 CP 1 CP-CE1 3 CE1 3 CE2 4 CM1\/CM2 1 ULIS TFA (Unit\u00e9s Localis\u00e9es pou l&rsquo;Inclusion Scolaire, Troubles des Fonctions Auditives)<\/p>\n","protected":false},"author":1,"featured_media":0,"parent":0,"menu_order":0,"comment_status":"closed","ping_status":"closed","template":"","meta":{"footnotes":""},"class_list":["post-20","page","type-page","status-publish","hentry"],"post_mailing_queue_ids":[],"_links":{"self":[{"href":"http:\/\/apecroixluizet.net\/accueil\/wp-json\/wp\/v2\/pages\/20","targetHints":{"allow":["GET"]}}],"collection":[{"href":"http:\/\/apecroixluizet.net\/accueil\/wp-json\/wp\/v2\/pages"}],"about":[{"href":"http:\/\/apecroixluizet.net\/accueil\/wp-json\/wp\/v2\/types\/page"}],"author":[{"embeddable":true,"href":"http:\/\/apecroixluizet.net\/accueil\/wp-json\/wp\/v2\/users\/1"}],"replies":[{"embeddable":true,"href":"http:\/\/apecroixluizet.net\/accueil\/wp-json\/wp\/v2\/comments?post=20"}],"version-history":[{"count":43,"href":"http:\/\/apecroixluizet.net\/accueil\/wp-json\/wp\/v2\/pages\/20\/revisions"}],"predecessor-version":[{"id":2612,"href":"http:\/\/apecroixluizet.net\/accueil\/wp-json\/wp\/v2\/pages\/20\/revisions\/2612"}],"wp:attachment":[{"href":"http:\/\/apecroixluizet.net\/accueil\/wp-json\/wp\/v2\/media?parent=20"}],"curies":[{"name":"wp","href":"https:\/\/api.w.org\/{rel}","templated":true}]}}