{"id":1841,"date":"2018-05-02T12:58:47","date_gmt":"2018-05-02T10:58:47","guid":{"rendered":"http:\/\/apecroixluizet.net\/accueil\/?page_id=1841"},"modified":"2018-05-02T13:17:01","modified_gmt":"2018-05-02T11:17:01","slug":"le-vide-grenier-edition-2017","status":"publish","type":"page","link":"http:\/\/apecroixluizet.net\/accueil\/le-vide-grenier-edition-2017\/","title":{"rendered":"Le Vide-Grenier (\u00e9dition 2018)"},"content":{"rendered":"<h1 style=\"text-align: center;\"><span style=\"color: #0000ff;\">L&rsquo;\u00e9dition <span style=\"color: #800080;\"><strong>2018<\/strong> <\/span>en images : le <span style=\"color: #800080;\">Dimanche 29 Mai<\/span><\/span><\/h1>\n<p style=\"text-align: center;\"><img loading=\"lazy\" decoding=\"async\" class=\"alignnone size-medium wp-image-1845\" src=\"http:\/\/apecroixluizet.net\/accueil\/wp-content\/uploads\/2018\/05\/20180429-videgrenier-01-300x169.jpg\" alt=\"\" width=\"300\" height=\"169\" \/><\/p>\n<p style=\"text-align: center;\"><img loading=\"lazy\" decoding=\"async\" class=\"alignnone size-medium wp-image-1850\" src=\"http:\/\/apecroixluizet.net\/accueil\/wp-content\/uploads\/2018\/05\/20180429-videgrenier-06-300x169.jpg\" alt=\"\" width=\"300\" height=\"169\" \/><\/p>\n<p style=\"text-align: center;\"><img loading=\"lazy\" decoding=\"async\" class=\"alignnone size-medium wp-image-1849\" src=\"http:\/\/apecroixluizet.net\/accueil\/wp-content\/uploads\/2018\/05\/20180429-videgrenier-05-300x169.jpg\" alt=\"\" width=\"300\" height=\"169\" \/><\/p>\n<p style=\"text-align: center;\"><img loading=\"lazy\" decoding=\"async\" class=\"alignnone size-medium wp-image-1848\" src=\"http:\/\/apecroixluizet.net\/accueil\/wp-content\/uploads\/2018\/05\/20180429-videgrenier-04-300x225.jpg\" alt=\"\" width=\"300\" height=\"225\" \/><\/p>\n<p style=\"text-align: center;\"><img loading=\"lazy\" decoding=\"async\" class=\"alignnone size-medium wp-image-1847\" src=\"http:\/\/apecroixluizet.net\/accueil\/wp-content\/uploads\/2018\/05\/20180429-videgrenier-03-300x169.jpg\" alt=\"\" width=\"300\" height=\"169\" srcset=\"http:\/\/apecroixluizet.net\/accueil\/wp-content\/uploads\/2018\/05\/20180429-videgrenier-03-300x169.jpg 300w, http:\/\/apecroixluizet.net\/accueil\/wp-content\/uploads\/2018\/05\/20180429-videgrenier-03-768x432.jpg 768w, http:\/\/apecroixluizet.net\/accueil\/wp-content\/uploads\/2018\/05\/20180429-videgrenier-03-1024x576.jpg 1024w, http:\/\/apecroixluizet.net\/accueil\/wp-content\/uploads\/2018\/05\/20180429-videgrenier-03.jpg 1316w\" sizes=\"auto, (max-width: 300px) 100vw, 300px\" \/><\/p>\n<p style=\"text-align: center;\"><img loading=\"lazy\" decoding=\"async\" class=\"alignnone size-medium wp-image-1846\" src=\"http:\/\/apecroixluizet.net\/accueil\/wp-content\/uploads\/2018\/05\/20180429-videgrenier-02-300x169.jpg\" alt=\"\" width=\"300\" height=\"169\" \/><\/p>\n<h1 style=\"text-align: center;\"><span style=\"color: #0000ff;\"><em>&#8230; \u00e0 l&rsquo;ann\u00e9e prochaine !<\/em><\/span><\/h1>\n<p style=\"text-align: center;\"><span style=\"color: #0000ff;\"><b>\u00a9<\/b> 2018 &#8211; APE Croix-Luizet \/ Reproduction Interdite<\/span><\/p>\n","protected":false},"excerpt":{"rendered":"<p>L&rsquo;\u00e9dition 2018 en images : le Dimanche 29 Mai &#8230; \u00e0 l&rsquo;ann\u00e9e prochaine ! \u00a9 2018 &#8211; APE Croix-Luizet \/ Reproduction Interdite<\/p>\n","protected":false},"author":1,"featured_media":0,"parent":0,"menu_order":0,"comment_status":"closed","ping_status":"closed","template":"","meta":{"footnotes":""},"class_list":["post-1841","page","type-page","status-publish","hentry"],"post_mailing_queue_ids":[],"_links":{"self":[{"href":"http:\/\/apecroixluizet.net\/accueil\/wp-json\/wp\/v2\/pages\/1841","targetHints":{"allow":["GET"]}}],"collection":[{"href":"http:\/\/apecroixluizet.net\/accueil\/wp-json\/wp\/v2\/pages"}],"about":[{"href":"http:\/\/apecroixluizet.net\/accueil\/wp-json\/wp\/v2\/types\/page"}],"author":[{"embeddable":true,"href":"http:\/\/apecroixluizet.net\/accueil\/wp-json\/wp\/v2\/users\/1"}],"replies":[{"embeddable":true,"href":"http:\/\/apecroixluizet.net\/accueil\/wp-json\/wp\/v2\/comments?post=1841"}],"version-history":[{"count":5,"href":"http:\/\/apecroixluizet.net\/accueil\/wp-json\/wp\/v2\/pages\/1841\/revisions"}],"predecessor-version":[{"id":1855,"href":"http:\/\/apecroixluizet.net\/accueil\/wp-json\/wp\/v2\/pages\/1841\/revisions\/1855"}],"wp:attachment":[{"href":"http:\/\/apecroixluizet.net\/accueil\/wp-json\/wp\/v2\/media?parent=1841"}],"curies":[{"name":"wp","href":"https:\/\/api.w.org\/{rel}","templated":true}]}}