{"id":1362,"date":"2017-07-05T17:52:17","date_gmt":"2017-07-05T15:52:17","guid":{"rendered":"http:\/\/apecroixluizet.net\/accueil\/?page_id=1362"},"modified":"2018-07-03T13:49:20","modified_gmt":"2018-07-03T11:49:20","slug":"fete-de-lecole-lete-en-fete","status":"publish","type":"page","link":"http:\/\/apecroixluizet.net\/accueil\/fete-de-lecole-lete-en-fete\/","title":{"rendered":"F\u00eate de l&rsquo;\u00e9cole &#8211; L&rsquo;\u00e9t\u00e9 en f\u00eate (\u00e9dition 2017)"},"content":{"rendered":"<p>&nbsp;<\/p>\n<h1 style=\"text-align: center;\"><span style=\"color: #3366ff;\">L&rsquo;\u00e9dition <span style=\"color: #800080;\"><strong>2017<\/strong> <\/span>en images :<\/span><span style=\"color: #800080;\"> le Samedi 1er Juillet<br \/>\n<\/span><\/h1>\n<h2 style=\"text-align: center;\">\u00e0 la Maison Croix-Luizet<\/h2>\n<p><img loading=\"lazy\" decoding=\"async\" class=\"alignnone size-medium wp-image-1366 aligncenter\" src=\"http:\/\/apecroixluizet.net\/accueil\/wp-content\/uploads\/2017\/07\/20170701-fete\u00e9cole-01-300x225.jpg\" alt=\"\" width=\"300\" height=\"225\" \/> <img loading=\"lazy\" decoding=\"async\" class=\"alignnone size-medium wp-image-1367 aligncenter\" src=\"http:\/\/apecroixluizet.net\/accueil\/wp-content\/uploads\/2017\/07\/20170701-fete\u00e9cole-02-300x225.jpg\" alt=\"\" width=\"300\" height=\"225\" \/> <img loading=\"lazy\" decoding=\"async\" class=\"alignnone size-medium wp-image-1368 aligncenter\" src=\"http:\/\/apecroixluizet.net\/accueil\/wp-content\/uploads\/2017\/07\/20170701-fete\u00e9cole-03-300x225.jpg\" alt=\"\" width=\"300\" height=\"225\" \/><\/p>\n<p style=\"text-align: center;\"><img loading=\"lazy\" decoding=\"async\" class=\"alignnone size-medium wp-image-1369\" src=\"http:\/\/apecroixluizet.net\/accueil\/wp-content\/uploads\/2017\/07\/20170701-fete\u00e9cole-04-300x225.jpg\" alt=\"\" width=\"300\" height=\"225\" \/> <img loading=\"lazy\" decoding=\"async\" class=\"alignnone size-medium wp-image-1370\" src=\"http:\/\/apecroixluizet.net\/accueil\/wp-content\/uploads\/2017\/07\/20170701-fete\u00e9cole-05-225x300.jpg\" alt=\"\" width=\"225\" height=\"300\" \/> <img loading=\"lazy\" decoding=\"async\" class=\"alignnone size-medium wp-image-1371\" src=\"http:\/\/apecroixluizet.net\/accueil\/wp-content\/uploads\/2017\/07\/20170701-fete\u00e9cole-06-300x225.jpg\" alt=\"\" width=\"300\" height=\"225\" \/><\/p>\n<p style=\"text-align: center;\"><img loading=\"lazy\" decoding=\"async\" class=\"alignnone size-medium wp-image-1372\" src=\"http:\/\/apecroixluizet.net\/accueil\/wp-content\/uploads\/2017\/07\/20170701-fete\u00e9cole-07-300x225.jpg\" alt=\"\" width=\"300\" height=\"225\" \/> <img loading=\"lazy\" decoding=\"async\" class=\"alignnone size-medium wp-image-1373\" src=\"http:\/\/apecroixluizet.net\/accueil\/wp-content\/uploads\/2017\/07\/20170701-fete\u00e9cole-08-300x225.jpg\" alt=\"\" width=\"300\" height=\"225\" \/> <img loading=\"lazy\" decoding=\"async\" class=\"alignnone size-medium wp-image-1374\" src=\"http:\/\/apecroixluizet.net\/accueil\/wp-content\/uploads\/2017\/07\/20170701-fete\u00e9cole-09-300x225.jpg\" alt=\"\" width=\"300\" height=\"225\" \/><\/p>\n<p style=\"text-align: center;\"><img loading=\"lazy\" decoding=\"async\" class=\"alignnone size-medium wp-image-1375\" src=\"http:\/\/apecroixluizet.net\/accueil\/wp-content\/uploads\/2017\/07\/20170701-fete\u00e9cole-10-300x225.jpg\" alt=\"\" width=\"300\" height=\"225\" \/> <img loading=\"lazy\" decoding=\"async\" class=\"alignnone size-medium wp-image-1376\" src=\"http:\/\/apecroixluizet.net\/accueil\/wp-content\/uploads\/2017\/07\/20170701-fete\u00e9cole-11-300x225.jpg\" alt=\"\" width=\"300\" height=\"225\" \/> <img loading=\"lazy\" decoding=\"async\" class=\"alignnone size-medium wp-image-1377\" src=\"http:\/\/apecroixluizet.net\/accueil\/wp-content\/uploads\/2017\/07\/20170701-fete\u00e9cole-12-300x225.jpg\" alt=\"\" width=\"300\" height=\"225\" srcset=\"http:\/\/apecroixluizet.net\/accueil\/wp-content\/uploads\/2017\/07\/20170701-fete\u00e9cole-12-300x225.jpg 300w, http:\/\/apecroixluizet.net\/accueil\/wp-content\/uploads\/2017\/07\/20170701-fete\u00e9cole-12-768x576.jpg 768w, http:\/\/apecroixluizet.net\/accueil\/wp-content\/uploads\/2017\/07\/20170701-fete\u00e9cole-12-1024x768.jpg 1024w\" sizes=\"auto, (max-width: 300px) 100vw, 300px\" \/><\/p>\n<p style=\"text-align: center;\"><img loading=\"lazy\" decoding=\"async\" class=\"alignnone size-medium wp-image-1380\" src=\"http:\/\/apecroixluizet.net\/accueil\/wp-content\/uploads\/2017\/07\/20170701-fete\u00e9cole-15-300x225.jpg\" alt=\"\" width=\"300\" height=\"225\" \/> <img loading=\"lazy\" decoding=\"async\" class=\"alignnone size-medium wp-image-1378\" src=\"http:\/\/apecroixluizet.net\/accueil\/wp-content\/uploads\/2017\/07\/20170701-fete\u00e9cole-13-300x225.jpg\" alt=\"\" width=\"300\" height=\"225\" \/> <img loading=\"lazy\" decoding=\"async\" class=\"alignnone size-medium wp-image-1379\" src=\"http:\/\/apecroixluizet.net\/accueil\/wp-content\/uploads\/2017\/07\/20170701-fete\u00e9cole-14-300x225.jpg\" alt=\"\" width=\"300\" height=\"225\" \/><\/p>\n<p style=\"text-align: center;\"><img loading=\"lazy\" decoding=\"async\" class=\"alignnone size-medium wp-image-1385\" src=\"http:\/\/apecroixluizet.net\/accueil\/wp-content\/uploads\/2017\/07\/20170701-fete\u00e9cole-20-300x225.jpg\" alt=\"\" width=\"300\" height=\"225\" \/> <img loading=\"lazy\" decoding=\"async\" class=\"alignnone size-medium wp-image-1384\" src=\"http:\/\/apecroixluizet.net\/accueil\/wp-content\/uploads\/2017\/07\/20170701-fete\u00e9cole-19-300x225.jpg\" alt=\"\" width=\"300\" height=\"225\" srcset=\"http:\/\/apecroixluizet.net\/accueil\/wp-content\/uploads\/2017\/07\/20170701-fete\u00e9cole-19-300x225.jpg 300w, http:\/\/apecroixluizet.net\/accueil\/wp-content\/uploads\/2017\/07\/20170701-fete\u00e9cole-19-768x576.jpg 768w, http:\/\/apecroixluizet.net\/accueil\/wp-content\/uploads\/2017\/07\/20170701-fete\u00e9cole-19-1024x768.jpg 1024w\" sizes=\"auto, (max-width: 300px) 100vw, 300px\" \/><\/p>\n<p style=\"text-align: center;\"><img loading=\"lazy\" decoding=\"async\" class=\"alignnone size-medium wp-image-1386\" src=\"http:\/\/apecroixluizet.net\/accueil\/wp-content\/uploads\/2017\/07\/20170701-fete\u00e9cole-21-300x225.jpg\" alt=\"\" width=\"300\" height=\"225\" \/><\/p>\n<p style=\"text-align: center;\"><img loading=\"lazy\" decoding=\"async\" class=\"alignnone size-medium wp-image-1383\" src=\"http:\/\/apecroixluizet.net\/accueil\/wp-content\/uploads\/2017\/07\/20170701-fete\u00e9cole-18-300x225.jpg\" alt=\"\" width=\"300\" height=\"225\" \/> <img loading=\"lazy\" decoding=\"async\" class=\"alignnone size-medium wp-image-1382\" src=\"http:\/\/apecroixluizet.net\/accueil\/wp-content\/uploads\/2017\/07\/20170701-fete\u00e9cole-17-300x225.jpg\" alt=\"\" width=\"300\" height=\"225\" \/> <img loading=\"lazy\" decoding=\"async\" class=\"alignnone size-medium wp-image-1381\" src=\"http:\/\/apecroixluizet.net\/accueil\/wp-content\/uploads\/2017\/07\/20170701-fete\u00e9cole-16-300x225.jpg\" alt=\"\" width=\"300\" height=\"225\" \/><\/p>\n<p><img loading=\"lazy\" decoding=\"async\" class=\"alignnone size-medium wp-image-1387 aligncenter\" src=\"http:\/\/apecroixluizet.net\/accueil\/wp-content\/uploads\/2017\/07\/20170701-fete\u00e9cole-22-300x225.jpg\" alt=\"\" width=\"300\" height=\"225\" \/><\/p>\n<p>&nbsp;<\/p>\n<h1 style=\"text-align: center;\"><span style=\"color: #3366ff;\"><em>&#8230; \u00e0 l&rsquo;ann\u00e9e prochaine !<\/em><\/span><\/h1>\n<p style=\"text-align: center;\"><span style=\"color: #000000; font-family: Arial Black; font-size: large;\"><b>\u00a9<\/b><\/span> 2017 &#8211; Maison Croix-Luizet &amp; APE Croix-Luizet \/ Reproduction Interdite<\/p>\n","protected":false},"excerpt":{"rendered":"<p>&nbsp; L&rsquo;\u00e9dition 2017 en images : le Samedi 1er Juillet \u00e0 la Maison Croix-Luizet &nbsp; &#8230; \u00e0 l&rsquo;ann\u00e9e prochaine ! \u00a9 2017 &#8211; Maison Croix-Luizet &amp; APE Croix-Luizet \/ Reproduction Interdite<\/p>\n","protected":false},"author":1,"featured_media":0,"parent":0,"menu_order":0,"comment_status":"closed","ping_status":"closed","template":"","meta":{"footnotes":""},"class_list":["post-1362","page","type-page","status-publish","hentry"],"post_mailing_queue_ids":[],"_links":{"self":[{"href":"http:\/\/apecroixluizet.net\/accueil\/wp-json\/wp\/v2\/pages\/1362","targetHints":{"allow":["GET"]}}],"collection":[{"href":"http:\/\/apecroixluizet.net\/accueil\/wp-json\/wp\/v2\/pages"}],"about":[{"href":"http:\/\/apecroixluizet.net\/accueil\/wp-json\/wp\/v2\/types\/page"}],"author":[{"embeddable":true,"href":"http:\/\/apecroixluizet.net\/accueil\/wp-json\/wp\/v2\/users\/1"}],"replies":[{"embeddable":true,"href":"http:\/\/apecroixluizet.net\/accueil\/wp-json\/wp\/v2\/comments?post=1362"}],"version-history":[{"count":7,"href":"http:\/\/apecroixluizet.net\/accueil\/wp-json\/wp\/v2\/pages\/1362\/revisions"}],"predecessor-version":[{"id":1919,"href":"http:\/\/apecroixluizet.net\/accueil\/wp-json\/wp\/v2\/pages\/1362\/revisions\/1919"}],"wp:attachment":[{"href":"http:\/\/apecroixluizet.net\/accueil\/wp-json\/wp\/v2\/media?parent=1362"}],"curies":[{"name":"wp","href":"https:\/\/api.w.org\/{rel}","templated":true}]}}